 Let a be (o/9)/((-3)/207). Calculate the greatest common divisor of a and k.
23
Let n be -5 + 5 + -1 + 45. Calculate the highest common factor of 176 and n.
44
Let g be 2/(-3)*-2*3. Let l(p) = p**3 - 3*p**2 - 2*p - 5. Let c be l(g). Suppose -j - 2*f = 2*j - 20, c*f = -15. What is the highest common divisor of j and 25?
5
Let y(t) be the second derivative of t + 0 - 1/6*t**3 + 0*t**2. Let s be y(-6). Calculate the highest common divisor of 6 and s.
6
Suppose 0 = 5*m - 9*m + 240. What is the highest common factor of m and 15?
15
Let o be -1 - ((0 - 14) + 2). Let u = o - 4. Suppose -68 = -5*b + u. What is the highest common factor of b and 3?
3
Let q be 20 + 0/5 - (-4)/1. Calculate the highest common factor of q and 264.
24
Suppose -t + 3*t - 111 = 3*a, -4*t - a = -257. Suppose 2*q - 7 - 7 = 0. Calculate the greatest common divisor of q and t.
7
Suppose 3*t + 0*c = -2*c + 293, -493 = -5*t - c. Calculate the highest common factor of t and 11.
11
Suppose -22 = -4*l - 3*a + 86, -80 = -4*l + 4*a. Suppose 0*c - 30 = -5*c - 5*j, l = -c + 5*j. What is the greatest common divisor of 1 and c?
1
Suppose -3*y + 40 = -2. What is the greatest common divisor of y and 35?
7
Suppose -2*r + 55 + 65 = 4*d, -5*r = -2*d + 60. Suppose 10 = w + 4. What is the highest common factor of d and w?
6
Let s(r) = -r**2 - 3*r + 7. Let h be s(-4). What is the greatest common factor of 27 and h?
3
Suppose 0 = -4*y + d + 517, -5*d - 81 = -2*y + 200. What is the greatest common divisor of y and 16?
16
Suppose -2*r = -102 - 60. Suppose 4*z - r = z. Suppose -3*m + 3*i = 4*i - 11, 5*m + i = 17. What is the greatest common factor of m and z?
3
Let n = -7 - 3. Let m = 1 + -2. Let b = m - n. Calculate the highest common factor of 3 and b.
3
Let a(c) = 3*c**2 + 4*c - 2*c - 4*c. Let k be a(7). Suppose 3*t = t + 3*b + k, -2*b + 63 = t. Calculate the highest common divisor of t and 26.
13
Let v be (24/15 + -2)*25*-5. What is the highest common factor of v and 10?
10
Let g(q) = -q**2 + 4. Let o be g(0). Suppose -3*b - 21 + 222 = o*n, b - 5*n - 48 = 0. What is the greatest common factor of 9 and b?
9
Suppose -f + 12 - 4 = 0. Suppose -f*b = -4*b - 8. Calculate the greatest common factor of b and 3.
1
Let q be (21 + 0)/((-24)/(-32)). Let o = -44 + q. Let n = o - -32. What is the highest common factor of 80 and n?
16
Suppose -288 = 3*c - 6*c. Let l be 2*(-2)/(4/(-10)). Let v be (-90)/3*(-4)/l. Calculate the highest common divisor of c and v.
12
Let v = 8 - 5. Suppose -l + v*l - q - 1 = 0, 5*l - q - 7 = 0. Suppose 0 = 4*d - 22 + l. What is the greatest common factor of d and 10?
5
Let c(u) = 3*u**2 - 7*u - 8. Let p be c(-4). What is the highest common divisor of p and 17?
17
Suppose -94 = -3*m + 146. Suppose -3*j + 200 = 3*y + 2*y, 2*j = -3*y + 120. Suppose -y = t - 5*t. What is the highest common divisor of m and t?
10
Let p = -10 + 27. Suppose 0*o - 2*x - 425 = -5*o, 5*x + 85 = o. Calculate the highest common divisor of o and p.
17
Let p be 2/4 + (-1)/((-4)/70). What is the highest common factor of 36 and p?
18
Let w be ((-2)/(-3))/(3/(-45)). Let u be ((-204)/w)/((-26)/(-195)). What is the greatest common divisor of 17 and u?
17
Let n be 279/(5 + -2) - -2. What is the greatest common factor of n and 38?
19
Suppose 4*j - 4 = 4. Suppose -j*d - 3*q + 18 = -27, -66 = -3*d - 4*q. Calculate the greatest common factor of 45 and d.
9
Suppose 2*y - 4*y + 44 = 0. Let l = -14 + y. What is the greatest common divisor of l and 64?
8
Suppose -3*v - 21 = -r, 0 = -5*r + 4*v + v + 65. Let a be 1*((-2)/1)/2. Let c be -1 - a - 3*-15. What is the highest common factor of r and c?
9
Suppose 0 = -4*w + 17 + 19. Let x = w - -8. What is the greatest common divisor of 170 and x?
17
Suppose 0 = -4*q + 109 + 51. Calculate the highest common divisor of q and 5.
5
Suppose 468 = 4*s + s - 4*r, 3*s - 4*r = 276. Calculate the highest common factor of s and 48.
48
Suppose 12 = 2*j + 2. Suppose 2*m = j*m - 144. Calculate the greatest common divisor of 12 and m.
12
Suppose 2*g + 6*z - 2*z = -12, -2*z = 4*g. Suppose -7*d = -g*d - 190. Calculate the greatest common divisor of 19 and d.
19
Suppose -k + 0*k = -45. Let g(q) = 8*q - 46. Let f be g(8). Calculate the greatest common factor of f and k.
9
Let l(h) = h**3 - 8*h**2 + 10*h - 5. Let i be l(7). Let n be 1/2*(0 + i). Let o = n + 2. Calculate the highest common divisor of 2 and o.
2
Suppose 5*d = 3*k - 8, 3*k + 2*d = 26 + 17. What is the highest common divisor of 44 and k?
11
Let c be 2 + 44/4 - -1. Calculate the greatest common factor of 28 and c.
14
Let h(y) = -30*y - 3. Let j be h(-4). Let q = j - 48. Let z = q - 39. What is the highest common factor of z and 20?
10
Suppose 3 = -6*p + 2*p + 3*h, 2*h - 2 = -2*p. Suppose 12 = 4*n - p*n. Suppose -y + 18 = -3. Calculate the greatest common factor of n and y.
3
Let y be (42/35)/((-1)/10). Let w be 3*2/y*-142. Suppose 4*t + w - 267 = 0. What is the highest common divisor of t and 7?
7
Let m(k) = -3 - 3*k + 0*k + k**2 - k**3 - 4*k**2. Let s be m(-2). Let c = 6 - s. Calculate the highest common divisor of c and 49.
7
Suppose 4*m = m + 9. Suppose 2*o = -2*f + 18, -m*f + 4*o = f - 52. What is the greatest common factor of f and 88?
11
Let c(n) be the first derivative of -n**2/2 + 3*n + 6. Let h be c(-4). Calculate the highest common divisor of 35 and h.
7
Suppose -2*s = -5*s + 12. Suppose 1 = -2*o + 3*i + 160, 0 = -5*o + s*i + 394. Calculate the highest common divisor of o and 13.
13
Let h(q) = 2*q**2 - 2. Let x be h(-2). Let l = 1 + x. Calculate the highest common factor of 7 and l.
7
Let g = -11 + 15. Suppose -g*y = -3*y - 152. What is the highest common divisor of y and 19?
19
Suppose -8 = 3*h - 44. Let u(y) = -y**2 + 10*y - 4. Let c be u(8). Calculate the highest common factor of h and c.
12
Suppose 9 + 21 = 5*v. Calculate the highest common divisor of v and 4.
2
Let d be (-181 + 5)*(-3)/6. Calculate the greatest common factor of 11 and d.
11
Suppose 3*a = -a, -4*a + 165 = 5*x. What is the highest common factor of 132 and x?
33
Let s = 45 - 32. What is the greatest common divisor of 13 and s?
13
Let c(q) = -3*q - 8. Let v be c(6). Let f = -14 - v. Suppose 0 = b - 12. What is the greatest common divisor of b and f?
12
Suppose 0 = -4*h + 2*h + 506. Suppose 0 = -2*o + 5*y + 41, -4*o + y + 96 = 5*y. Calculate the highest common factor of h and o.
23
Let y be (-1 - 24/16)*48/(-2). Let n = 0 + 15. Calculate the highest common divisor of n and y.
15
Let u = 0 - 2. Let v be (-4)/((-40)/(-22) + u). What is the highest common divisor of v and 11?
11
Let g be -13 + 10 - (-15 - -2). Let d be 30/(2 - 10/6). Calculate the highest common divisor of g and d.
10
Let u = -58 + 121. Calculate the highest common divisor of u and 9.
9
Suppose -2*u + 7*u - 10 = 0. Let j be (5/u - 1)*66. What is the highest common factor of 9 and j?
9
Suppose 3*f = -4*v + 4*f + 19, 3*f + 9 = 4*v. Let c = -5 + v. Calculate the greatest common factor of c and 9.
1
Let l = 37 + -31. Calculate the greatest common divisor of 2 and l.
2
Let g be 126/(1/((-3)/(-2))). Suppose -2*t + 34 = -8. Calculate the greatest common divisor of g and t.
21
Let o(l) = l**2 - 14*l + 58. Let u be o(11). Suppose -y - 35 = 7. Let h be y/(-8) + (-2)/8. What is the greatest common divisor of u and h?
5
Let w = -2 - 0. Let a be ((-14)/6)/(w/6). Let d(m) = -m - 1. Let u be d(-8). What is the highest common divisor of a and u?
7
Suppose 0 = 3*w - 6 - 3. Suppose 13 = 4*u - w. Calculate the highest common factor of u and 28.
4
Let r(y) = 11 - 8*y**2 - 3*y**2 + 7*y + y**3 + 2*y**2. Let u be r(8). Let i be 404/12 - (-4)/(-6). Calculate the greatest common divisor of i and u.
3
Let h = 36 - 12. Calculate the greatest common factor of 72 and h.
24
Let x(q) = -q**3 + 4*q**2 + 3*q - 2. Let d be x(3). What is the highest common factor of d and 24?
8
Suppose 3*a = 4*d - 0*d + 429, -4*d + 159 = a. Calculate the highest common factor of 21 and a.
21
Suppose -4*a + 4*t + 39 = -9, -3*a - t + 48 = 0. Calculate the highest common divisor of 3 and a.
3
Let k = -19 - 56. Suppose -84 = 3*j + 3*g, -4*j + 0*g - 109 = g. Let i = j - k. Calculate the greatest common factor of i and 32.
16
Let b be 1*((-135)/(-3) - 0). Suppose 0*t - b = -5*t. Calculate the greatest common factor of t and 63.
9
Suppose h = -2*y - 19, y 